 Let c be r(-6). Let q = c + k. Calculate the highest common divisor of q and 24.
24
Suppose -2*c + c + 81 = -3*y, 4*c = 4*y + 332. Suppose c*a = 82*a + 90. Calculate the greatest common factor of a and 135.
45
Let y be (-338)/(9 - 10)*1. Calculate the highest common factor of y and 26.
26
Let b(s) = 6*s**2 + 111*s - 11. Let q be b(-19). What is the highest common factor of 253 and q?
23
Suppose -7*l + 112 = -56. What is the highest common divisor of l and 384?
24
Suppose 7*t - 98 = 42. Let a be 1212/t + (-12)/20. What is the greatest common divisor of 20 and a?
20
Let u(q) = -q**2 - 5*q + 0*q + 0*q**2. Let b be u(-5). Suppose b = -3*m + 35 + 4. What is the greatest common factor of m and 26?
13
Let q be ((-2)/(-4))/(((-117)/(-1944))/13). What is the highest common factor of q and 162?
54
Let o = 234 + -131. Let q be o - 3/(4 - 3). What is the highest common divisor of q and 20?
20
Suppose u = 286 - 82. Suppose 724 = 2*f + u. Let w be (f/30)/(2/3). What is the greatest common divisor of w and 65?
13
Suppose 3*v + 3*v = 12. Let u be v*-1 + (-5 + -30)/(-1). What is the highest common divisor of 297 and u?
33
Let t be (-11 - (-16)/14)/((-2)/14). Calculate the greatest common factor of 23 and t.
23
Let f be 2/((-6)/51)*-2. Let k = 57 + -52. Let z be ((-174)/(-10) - (-6)/(-15))*k. Calculate the greatest common factor of z and f.
17
Let b = -91 + 136. Suppose 110*q - 105*q - b = 0. What is the highest common factor of 1 and q?
1
Let w = -60 + 90. Suppose 251 = 28*p - 29. What is the highest common factor of p and w?
10
Let d be (-16)/(-1) + -3*((-160)/24 - -7). Let n(u) = 5*u**2 - 4*u + 3. Let t be n(2). What is the greatest common divisor of t and d?
15
Let r be 8*(-1)/(8/(-6)). Suppose 11 - 101 = -r*g. Calculate the greatest common factor of g and 6.
3
Let l(o) = 3 - 2 - 2*o**3 + 3*o + 1 + 5*o**2 + 3*o**3. Let t be l(-3). Suppose -61 = -3*q + t. Calculate the greatest common divisor of 6 and q.
6
Let q(r) be the second derivative of -r**5/20 + r**4/4 + r**2 + 12*r. Let c be q(3). Calculate the greatest common factor of 2 and c.
2
Suppose -103 = 4*k - 7*k - 5*z, 0 = -4*k + 4*z + 84. Let j be 2/(2 - (-231)/(-117)). Calculate the greatest common divisor of j and k.
26
Let u = 263 - 233. Calculate the highest common divisor of u and 6.
6
Let j(y) = 21*y + 2. Let d be j(2). Suppose -4*b - d = 520. Let p be (b/(-6) + 1)*2. What is the highest common factor of 7 and p?
7
Let f(b) = 2*b**2 + 25*b - 18. Suppose -5*z - 1 - 54 = 5*w, -3*z - 2*w - 36 = 0. Let l be f(z). Calculate the greatest common factor of 48 and l.
24
Suppose 3*c - 641 = -h, -32*c + 30*c + 1302 = 2*h. What is the greatest common divisor of h and 32?
16
Let u = 931 - 916. Calculate the greatest common factor of u and 375.
15
Suppose -52*v + 240 = -47*v. Calculate the greatest common factor of 336 and v.
48
Let u(d) = -d**2 + 9*d - 1. Let m be ((-13)/(-3) + -4)*(-1 - -7). Let n be u(m). What is the highest common divisor of 117 and n?
13
Let d(y) = 37*y + 572. Let g be d(-10). What is the greatest common factor of 2 and g?
2
Let s be (-10)/(-2)*(-64)/(-10). Let d = 49 + 10. Suppose 11 = -t + d. What is the highest common divisor of s and t?
16
Suppose -5*x = -15, 3*y + 0*x = -3*x + 249. What is the greatest common divisor of y and 5?
5
Suppose -44 = -4*r + 6*g - g, -3*r + 4*g + 33 = 0. Let t be (4/14)/((-2)/(-14)). Suppose 99 = -d + t*d. What is the greatest common factor of d and r?
11
Let q(v) = v**3 - 5*v + 4. Let h be q(3). Let n(o) = -2*o + 3*o + 2*o + h + 5*o. Let x be n(7). Calculate the greatest common divisor of 48 and x.
24
Let s(r) = 2*r**2 - 2*r**2 + 4*r**2. Let j be s(3). Suppose 4*p - 3*h = -4*h + 20, 3*h = 4*p - j. Calculate the highest common divisor of 66 and p.
6
Suppose 20 = 4*x, -12*g + 135 = -9*g + 3*x. Calculate the greatest common factor of 15 and g.
5
Let z = -2020 - -2097. Calculate the greatest common divisor of z and 385.
77
Let f be 1 + 3 + 18 + 1. Let a = f + -21. Suppose a - 24 = -2*c. Calculate the greatest common factor of c and 22.
11
Let l = 9 - -8. Suppose 6*h - 83 = 121. What is the highest common divisor of l and h?
17
Suppose 26 = 4*z + 6. Let o = 88 - 23. Calculate the greatest common divisor of o and z.
5
Suppose -8 = 7*v + 48. Let o be 178/8 - v/(-32). What is the greatest common divisor of 110 and o?
22
Suppose -2*w - r + 34 = 3*w, 8 = -2*w + 5*r. Let a(u) = 173*u - 10022. Let n be a(58). Calculate the highest common factor of w and n.
6
Suppose 3*p - 5*l - 30 = 0, -5*p - 3*l - l + 87 = 0. Let h = 15 - p. Suppose h = -3*g + 4*g - 64. What is the highest common divisor of 16 and g?
16
Let c = -54 - -74. What is the highest common divisor of c and 30?
10
Suppose 5*c - 6 = 34. Suppose 2*h = -c, 10 = -2*g - 5*h - 4. What is the highest common factor of g and 3?
3
Suppose 0 = 3*m - 4*q - 28, 39 = 4*m - 5*q + 3. Calculate the highest common factor of m and 8.
4
Suppose -2 = 2*r - 16. Let b = 125 + -284. Let a = b + 166. Calculate the greatest common factor of r and a.
7
Let f = 1472 + -1199. Calculate the greatest common factor of 156 and f.
39
Suppose -13*j + 2964 = -7*j. What is the highest common divisor of j and 38?
38
Let o be (-4)/(-10 - -6)*150/2. Suppose 30 = c + 3*l + 2, -l = 3*c - 100. Let d be (c/(-4) - -1)*-2. What is the greatest common divisor of d and o?
15
Let c be 10/(-2)*18492/(-115). What is the highest common divisor of 3 and c?
3
Let a = -391 + 599. What is the highest common divisor of 16 and a?
16
Suppose -3*g - 4*u = 116, -2*u - 158 = 5*g - g. Let m = g - -130. What is the highest common divisor of m and 10?
10
Suppose -44 = -9*j + 37. Calculate the highest common factor of j and 144.
9
Let w = 45 + -53. Let k be 50*2/4*w/(-10). Calculate the greatest common factor of 180 and k.
20
Let c be 26 - 24 - (316 - 1). Let l = -109 - c. What is the greatest common divisor of 12 and l?
12
Let i(k) = -7*k + 5. Let d be i(-4). Suppose -7*o = -12*o + 1465. Let r be o - ((-16)/(-64) - 17/4). Calculate the greatest common factor of r and d.
33
Let h be 151/9 + 6/27. Suppose i + 2*t + 0*t = 368, 0 = 5*t. Let j = -249 + i. Calculate the greatest common divisor of h and j.
17
Let r = -24 + 49. Let b be (-10)/(-2)*r/5. Calculate the highest common factor of b and 5.
5
Let r = 12 - 17. Let m be (-4 - r)/((-3)/(-15)). Suppose 8 = -2*q, -70 = n - 2*n + m*q. Calculate the highest common factor of 10 and n.
10
Let a be 585*(48/18 + -2). What is the highest common divisor of a and 234?
78
Let c(j) = 2*j + 14. Let m be c(-7). Let g be (2 + -5 + m)/(6/(-22)). Calculate the greatest common divisor of g and 99.
11
Suppose 80 = 2*g + 4*p, 4*p = -3*g - g + 144. Suppose 25*m - 13*m - 96 = 0. What is the greatest common divisor of g and m?
8
Let p be 14/2 + (-9 + 4 - -5). What is the highest common factor of p and 875?
7
Suppose -22*c + 19*c + 6 = 0. Suppose -17 = -c*t + 83. Calculate the greatest common divisor of t and 10.
10
Let n(s) = 5*s**3 - s**2 - 4*s + 4. Let m be n(1). Suppose -52 - 36 = -4*y + 4*r, 0 = m*y + 2*r - 76. What is the greatest common factor of 130 and y?
10
Suppose 8*h - 12*h = 0. Suppose -4*v = 3*u - 29, u + v - 8 = -h*v. Calculate the greatest common divisor of u and 57.
3
Let w(o) = -2 + 12*o - 21*o + 0 + o**2. Let y be w(8). Let s be (-12)/(y/6 + 1). What is the greatest common divisor of 180 and s?
18
Let q be (-1 + 0)*(-23)/(207/108). What is the greatest common factor of 52 and q?
4
Let b(g) = 20*g**3 + 5*g - 10. Let z be b(2). What is the highest common factor of z and 10?
10
Let g(i) = i**2 - i + 15. Let k = 0 + 9. Suppose -k = u - 3*r, -5 - 1 = -u - 2*r. Let h be g(u). Calculate the highest common divisor of h and 75.
15
Let z(y) = y**3 - 7*y**2 + y + 2. Let i be z(6). Let b be (-260)/i + (-2)/7. Suppose -7*g + 40 = -149. Calculate the greatest common divisor of b and g.
9
Suppose 4*q + 26 = 5*q. Suppose 7*p = 4*p + 390. What is the greatest common factor of q and p?
26
Let k(d) be the third derivative of 11*d**4/24 - d**3/2 + 6*d**2. Let f be k(3). Calculate the greatest common factor of f and 20.
10
Let p(i) = 3*i**2 + 10*i - 26. Let w be p(2). Calculate the greatest common factor of 678 and w.
6
Let j(y) = 3*y + 17. Let o = -16 + 27. Let q be j(o). Calculate the highest common factor of 20 and q.
10
Suppose -208 = -224*a + 